{"id":15279,"date":"2023-10-11T21:08:06","date_gmt":"2023-10-11T21:08:06","guid":{"rendered":"https:\/\/uttulum.edu.mx\/?page_id=15279"},"modified":"2024-04-10T18:41:39","modified_gmt":"2024-04-10T23:41:39","slug":"normatividad","status":"publish","type":"page","link":"https:\/\/uttulum.edu.mx\/index.php\/normatividad\/","title":{"rendered":"Normatividad"},"content":{"rendered":"\t\t<div data-elementor-type=\"wp-page\" data-elementor-id=\"15279\" class=\"elementor elementor-15279\" data-elementor-post-type=\"page\">\n\t\t\t\t\t\t<section class=\"elementor-section elementor-top-section elementor-element elementor-element-d9adfaa elementor-section-boxed elementor-section-height-default elementor-section-height-default\" data-id=\"d9adfaa\" data-element_type=\"section\">\n\t\t\t\t\t\t<div class=\"elementor-container elementor-column-gap-default\">\n\t\t\t\t\t<div class=\"elementor-column elementor-col-100 elementor-top-column elementor-element elementor-element-d5dbd64\" data-id=\"d5dbd64\" data-element_type=\"column\">\n\t\t\t<div class=\"elementor-widget-wrap elementor-element-populated\">\n\t\t\t\t\t\t<div class=\"elementor-element elementor-element-0466a0d de_scroll_animation_no elementor-widget elementor-widget-heading\" data-id=\"0466a0d\" data-element_type=\"widget\" data-widget_type=\"heading.default\">\n\t\t\t\t<div class=\"elementor-widget-container\">\n\t\t\t<h2 class=\"elementor-heading-title elementor-size-default\">Normatividad<\/h2>\t\t<\/div>\n\t\t\t\t<\/div>\n\t\t\t\t\t<\/div>\n\t\t<\/div>\n\t\t\t\t\t<\/div>\n\t\t<\/section>\n\t\t\t\t<section class=\"elementor-section elementor-top-section elementor-element elementor-element-2fbeeb9 elementor-section-boxed elementor-section-height-default elementor-section-height-default\" data-id=\"2fbeeb9\" data-element_type=\"section\">\n\t\t\t\t\t\t<div class=\"elementor-container elementor-column-gap-default\">\n\t\t\t\t\t<div class=\"elementor-column elementor-col-100 elementor-top-column elementor-element elementor-element-f2eee0c\" data-id=\"f2eee0c\" data-element_type=\"column\">\n\t\t\t<div class=\"elementor-widget-wrap elementor-element-populated\">\n\t\t\t\t\t\t<div class=\"elementor-element elementor-element-f1fbb78 de_scroll_animation_no elementor-widget elementor-widget-text-editor\" data-id=\"f1fbb78\" data-element_type=\"widget\" data-widget_type=\"text-editor.default\">\n\t\t\t\t<div class=\"elementor-widget-container\">\n\t\t\t\t\t\t\t<ul><li><a href=\"https:\/\/uttulum.edu.mx\/wp-content\/uploads\/2023\/10\/PeriodicoOficial_ESPECIAL_2022-11-24.pdf\" target=\"_blank\" rel=\"noopener\">Decreto de creaci\u00f3n<\/a><\/li><li><a href=\"https:\/\/uttulum.edu.mx\/wp-content\/uploads\/2023\/10\/Tabulador-de-ingresos-propios.pdf\" target=\"_blank\" rel=\"noopener\">Tabulador de ingresos propios<\/a>\u00a0<\/li><li><a href=\"https:\/\/uttulum.edu.mx\/wp-content\/uploads\/2024\/02\/Reporte-General-de-integracion-programatica-presupuestal-Administracion.pdf\" target=\"_blank\" rel=\"noopener\"><b>MML-08 &#8211;<\/b>\u00a0\u00a0Reporte General de integraci\u00f3n program\u00e1tica-presupuestal Administraci\u00f3n<\/a><\/li><li><a href=\"https:\/\/uttulum.edu.mx\/wp-content\/uploads\/2024\/02\/Reporte-General-de-integracion-programatica-presupuestal-Educacion-Superior.pdf\" target=\"_blank\" rel=\"noopener\"><b>MML-08 &#8211;<\/b>\u00a0 Reporte General de integraci\u00f3n program\u00e1tica-presupuestal Educaci\u00f3n Superior<\/a><\/li><li><a href=\"https:\/\/uttulum.edu.mx\/wp-content\/uploads\/2024\/04\/codigo-de-etica-Supletoria-de-la-UTT.pdf\" target=\"_blank\" rel=\"noopener\">C\u00f3digo de \u00c9tica<\/a><\/li><li><a href=\"https:\/\/uttulum.edu.mx\/wp-content\/uploads\/2024\/04\/codigo-de-conducta.pdf\" target=\"_blank\" rel=\"noopener\">C\u00f3digo de Conducta<\/a><\/li><\/ul>\t\t\t\t\t\t<\/div>\n\t\t\t\t<\/div>\n\t\t\t\t\t<\/div>\n\t\t<\/div>\n\t\t\t\t\t<\/div>\n\t\t<\/section>\n\t\t\t\t<\/div>\n\t\t","protected":false},"excerpt":{"rendered":"<p>Normatividad Decreto de creaci\u00f3n Tabulador de ingresos propios\u00a0 MML-08 &#8211;\u00a0\u00a0Reporte General de integraci\u00f3n program\u00e1tica-presupuestal Administraci\u00f3n MML-08 &#8211;\u00a0 Reporte General de integraci\u00f3n program\u00e1tica-presupuestal Educaci\u00f3n Superior C\u00f3digo de \u00c9tica C\u00f3digo de Conducta<\/p>\n","protected":false},"author":11,"featured_media":0,"parent":0,"menu_order":0,"comment_status":"closed","ping_status":"closed","template":"","meta":{"_eb_attr":"","footnotes":""},"campus":[],"class_list":["post-15279","page","type-page","status-publish","hentry","entry"],"_links":{"self":[{"href":"https:\/\/uttulum.edu.mx\/index.php\/wp-json\/wp\/v2\/pages\/15279","targetHints":{"allow":["GET"]}}],"collection":[{"href":"https:\/\/uttulum.edu.mx\/index.php\/wp-json\/wp\/v2\/pages"}],"about":[{"href":"https:\/\/uttulum.edu.mx\/index.php\/wp-json\/wp\/v2\/types\/page"}],"author":[{"embeddable":true,"href":"https:\/\/uttulum.edu.mx\/index.php\/wp-json\/wp\/v2\/users\/11"}],"replies":[{"embeddable":true,"href":"https:\/\/uttulum.edu.mx\/index.php\/wp-json\/wp\/v2\/comments?post=15279"}],"version-history":[{"count":16,"href":"https:\/\/uttulum.edu.mx\/index.php\/wp-json\/wp\/v2\/pages\/15279\/revisions"}],"predecessor-version":[{"id":15816,"href":"https:\/\/uttulum.edu.mx\/index.php\/wp-json\/wp\/v2\/pages\/15279\/revisions\/15816"}],"wp:attachment":[{"href":"https:\/\/uttulum.edu.mx\/index.php\/wp-json\/wp\/v2\/media?parent=15279"}],"wp:term":[{"taxonomy":"campus","embeddable":true,"href":"https:\/\/uttulum.edu.mx\/index.php\/wp-json\/wp\/v2\/campus?post=15279"}],"curies":[{"name":"wp","href":"https:\/\/api.w.org\/{rel}","templated":true}]}}