{"id":187,"date":"2021-01-14T18:16:54","date_gmt":"2021-01-14T18:16:54","guid":{"rendered":"https:\/\/utrivieramayademo1.ozelot.it\/?page_id=187"},"modified":"2021-02-15T19:38:20","modified_gmt":"2021-02-15T19:38:20","slug":"funciones","status":"publish","type":"page","link":"https:\/\/uttulum.edu.mx\/index.php\/funciones\/","title":{"rendered":"Funciones"},"content":{"rendered":"\t\t<div data-elementor-type=\"wp-page\" data-elementor-id=\"187\" class=\"elementor elementor-187\" data-elementor-post-type=\"page\">\n\t\t\t\t\t\t<section class=\"elementor-section elementor-top-section elementor-element elementor-element-fa88bb5 elementor-section-full_width elementor-section-content-top elementor-section-height-default elementor-section-height-default\" data-id=\"fa88bb5\" data-element_type=\"section\" data-settings=\"{&quot;background_background&quot;:&quot;classic&quot;}\">\n\t\t\t\t\t\t\t<div class=\"elementor-background-overlay\"><\/div>\n\t\t\t\t\t\t\t<div class=\"elementor-container elementor-column-gap-default\">\n\t\t\t\t\t<div class=\"elementor-column elementor-col-100 elementor-top-column elementor-element elementor-element-19fce9ca\" data-id=\"19fce9ca\" data-element_type=\"column\">\n\t\t\t<div class=\"elementor-widget-wrap elementor-element-populated\">\n\t\t\t\t\t\t<div class=\"elementor-element elementor-element-f23109e de_scroll_animation_no elementor-widget elementor-widget-ekit-nav-menu\" data-id=\"f23109e\" data-element_type=\"widget\" data-widget_type=\"ekit-nav-menu.default\">\n\t\t\t\t<div class=\"elementor-widget-container\">\n\t\t\t<div class=\"ekit-wid-con ekit_menu_responsive_tablet\" data-hamburger-icon=\"\" data-hamburger-icon-type=\"icon\" data-responsive-breakpoint=\"1024\"><\/div>\t\t<\/div>\n\t\t\t\t<\/div>\n\t\t\t\t\t<\/div>\n\t\t<\/div>\n\t\t\t\t\t<\/div>\n\t\t<\/section>\n\t\t\t\t<section class=\"elementor-section elementor-top-section elementor-element elementor-element-dd28d5d elementor-section-boxed elementor-section-height-default elementor-section-height-default\" data-id=\"dd28d5d\" data-element_type=\"section\">\n\t\t\t\t\t\t<div class=\"elementor-container elementor-column-gap-default\">\n\t\t\t\t\t<div class=\"elementor-column elementor-col-100 elementor-top-column elementor-element elementor-element-2ede4a7\" data-id=\"2ede4a7\" data-element_type=\"column\">\n\t\t\t<div class=\"elementor-widget-wrap elementor-element-populated\">\n\t\t\t\t\t\t<div class=\"elementor-element elementor-element-e370242 de_scroll_animation_no elementor-widget elementor-widget-text-editor\" data-id=\"e370242\" data-element_type=\"widget\" data-widget_type=\"text-editor.default\">\n\t\t\t\t<div class=\"elementor-widget-container\">\n\t\t\t\t\t\t\t<h4><span style=\"color: #333333;\">Funciones de la Unidad de Transparencia de la Universidad Tecnol\u00f3gica de la<\/span><br \/><span style=\"color: #333333;\">Riviera Maya<\/span><\/h4><p><span style=\"color: #808080;\"><em>*Ley de Transparencia y Acceso a la Informaci\u00f3n P\u00fablica del Estado de Quintana Roo.<\/em><\/span><\/p><h5><span style=\"color: #333333;\"><em>Art\u00edculo 66. Las Unidades de Transparencia tendr\u00e1n las siguientes funciones:<\/em><\/span><\/h5>\t\t\t\t\t\t<\/div>\n\t\t\t\t<\/div>\n\t\t\t\t\t<\/div>\n\t\t<\/div>\n\t\t\t\t\t<\/div>\n\t\t<\/section>\n\t\t\t\t<section class=\"elementor-section elementor-top-section elementor-element elementor-element-7fcb286b elementor-section-boxed elementor-section-height-default elementor-section-height-default\" data-id=\"7fcb286b\" data-element_type=\"section\">\n\t\t\t\t\t\t<div class=\"elementor-container elementor-column-gap-default\">\n\t\t\t\t\t<div class=\"elementor-column elementor-col-50 elementor-top-column elementor-element elementor-element-36cf0cc\" data-id=\"36cf0cc\" data-element_type=\"column\">\n\t\t\t<div class=\"elementor-widget-wrap elementor-element-populated\">\n\t\t\t\t\t\t<div class=\"elementor-element elementor-element-7196bd2 de_scroll_animation_no elementor-widget elementor-widget-text-editor\" data-id=\"7196bd2\" data-element_type=\"widget\" data-widget_type=\"text-editor.default\">\n\t\t\t\t<div class=\"elementor-widget-container\">\n\t\t\t\t\t\t\t<p><span style=\"color: #000000;\"><strong>I.<\/strong> Recabar, publicar, difundir y actualizar la informaci\u00f3n a que se refieren los Cap\u00edtulos II, III y IV del T\u00edtulo Sexto de esta Ley y verificar que las \u00c1reas la actualicen peri\u00f3dicamente, conforme la normatividad aplicable;<\/span><\/p><p><span style=\"color: #000000;\"><strong>II.<\/strong> Recibir y tramitar las solicitudes de acceso a la informaci\u00f3n y darles seguimiento hasta la entrega de la misma, en la forma y modalidad que la haya pedido el interesado conforme a lo previsto a esta Ley;<\/span><\/p><p><span style=\"color: #000000;\"><strong>III.<\/strong> Auxiliar y asesorar a los particulares en la elaboraci\u00f3n de solicitudes de acceso a la informaci\u00f3n y, en su caso, orientarlos sobre los sujetos obligados competentes conforme a la normatividad aplicable;<\/span><\/p><p><span style=\"color: #000000;\"><strong>IV.<\/strong> Realizar los tr\u00e1mites internos necesarios para la atenci\u00f3n de las solicitudes de<\/span><br \/><span style=\"color: #000000;\">acceso a la informaci\u00f3n;<\/span><br \/><span style=\"color: #000000;\">Efectuar las notificaciones a los solicitantes;<\/span><\/p><p><span style=\"color: #000000;\"><strong>VI.<\/strong> Proponer al Comit\u00e9 de Transparencia los procedimientos internos que<\/span><br \/><span style=\"color: #000000;\">aseguren la mayor eficiencia en la gesti\u00f3n de las solicitudes de acceso a la<\/span><br \/><span style=\"color: #000000;\">informaci\u00f3n, conforme a la normatividad aplicable;<\/span><\/p><p><span style=\"color: #000000;\"><strong>VII.<\/strong> Proponer personal habilitado que sea necesario para recibir y dar tr\u00e1mite a las<\/span><br \/><span style=\"color: #000000;\">solicitudes de acceso a la informaci\u00f3n;<\/span><\/p><p><span style=\"color: #000000;\"><strong>VIII<\/strong>. Llevar un registro y actualizarlo mensualmente, con respecto a las solicitudes<\/span><br \/><span style=\"color: #000000;\">de acceso a la informaci\u00f3n, respuestas, resultados, costos de reproducci\u00f3n y<\/span><br \/><span style=\"color: #000000;\">env\u00edo;<\/span><\/p><p><span style=\"color: #000000;\"><strong>IX.<\/strong> Promover e implementar pol\u00edticas de transparencia proactiva procurando su<\/span><br \/><span style=\"color: #000000;\">accesibilidad;<\/span><\/p><p><span style=\"color: #000000;\"><strong>X.<\/strong> Fomentar la transparencia y accesibilidad al interior del sujeto obligado;<\/span><\/p>\t\t\t\t\t\t<\/div>\n\t\t\t\t<\/div>\n\t\t\t\t\t<\/div>\n\t\t<\/div>\n\t\t\t\t<div class=\"elementor-column elementor-col-50 elementor-top-column elementor-element elementor-element-3b999e8f\" data-id=\"3b999e8f\" data-element_type=\"column\">\n\t\t\t<div class=\"elementor-widget-wrap elementor-element-populated\">\n\t\t\t\t\t\t<div class=\"elementor-element elementor-element-dfb8611 de_scroll_animation_no elementor-widget elementor-widget-text-editor\" data-id=\"dfb8611\" data-element_type=\"widget\" data-widget_type=\"text-editor.default\">\n\t\t\t\t<div class=\"elementor-widget-container\">\n\t\t\t\t\t\t\t<p><span style=\"color: #000000;\"><strong>XI.<\/strong> Garantizar las medidas y condiciones de accesibilidad para que toda persona<\/span><br \/><span style=\"color: #000000;\">pueda ejercer el derecho de acceso a la informaci\u00f3n, mediante solicitudes de<\/span><br \/><span style=\"color: #000000;\">informaci\u00f3n;<\/span><\/p><p><span style=\"color: #000000;\"><strong>XII.<\/strong> Elaborar los formatos de solicitudes de acceso a la informaci\u00f3n p\u00fablica, de<\/span><br \/><span style=\"color: #000000;\">conformidad con los lineamientos que en la materia se expidan;<\/span><\/p><p><span style=\"color: #000000;\"><strong>XIII.<\/strong> Elaborar el manual de procedimientos para asegurar la adecuada atenci\u00f3n a<\/span><br \/><span style=\"color: #000000;\">las solicitudes de acceso a la informaci\u00f3n p\u00fablica;<\/span><\/p><p><span style=\"color: #000000;\"><strong>XIV.<\/strong> Elaborar un programa para facilitar la obtenci\u00f3n de informaci\u00f3n p\u00fablica, que<\/span><br \/><span style=\"color: #000000;\">deber\u00e1 ser actualizado peri\u00f3dicamente;<\/span><\/p><p><span style=\"color: #000000;\"><strong>XV.<\/strong> Difundir entre los servidores p\u00fablicos los beneficios del manejo p\u00fablico de la<\/span><br \/><span style=\"color: #000000;\">informaci\u00f3n, as\u00ed como sus responsabilidades en el buen uso y conservaci\u00f3n de<\/span><br \/><span style=\"color: #000000;\">esta;<\/span><\/p><p><span style=\"color: #000000;\"><strong>XVI.<\/strong> Proponer al titular del sujeto obligado, la concertaci\u00f3n de acuerdos con<\/span><br \/><span style=\"color: #000000;\">instituciones p\u00fablicas especializadas que pudieran auxiliarles a entregar las<\/span><br \/><span style=\"color: #000000;\">respuestas a solicitudes de informaci\u00f3n, en la lengua ind\u00edgena, braille o<\/span><br \/><span style=\"color: #000000;\">cualquier formato accesible correspondiente, en forma m\u00e1s eficiente;<\/span><\/p><p><span style=\"color: #000000;\"><strong>XVII.<\/strong> Hacer del conocimiento de la instancia competente la probable responsabilidad<\/span><br \/><span style=\"color: #000000;\">por el incumplimiento de las obligaciones previstas en la presente Ley y en las<\/span><br \/><span style=\"color: #000000;\">dem\u00e1s disposiciones aplicables;<\/span><\/p><p><span style=\"color: #000000;\"><strong>XVIII.<\/strong> Compilar los \u00edndices de los expedientes clasificados como reservados y<\/span><br \/><span style=\"color: #000000;\">actualizarlos de forma semestral, y<\/span><\/p><p><span style=\"color: #000000;\"><strong>XIX.<\/strong> Las dem\u00e1s que se desprendan de la normatividad aplicable o que le se\u00f1ale el<\/span><br \/><span style=\"color: #000000;\">sujeto obligado.<\/span><\/p>\t\t\t\t\t\t<\/div>\n\t\t\t\t<\/div>\n\t\t\t\t\t<\/div>\n\t\t<\/div>\n\t\t\t\t\t<\/div>\n\t\t<\/section>\n\t\t\t\t<\/div>\n\t\t","protected":false},"excerpt":{"rendered":"<p>Inicio Transparencia Informaci\u00f3n Obligatoria Art\u00edculo 91 Art\u00edculo 92 Art\u00edculo 93 Unidad de Transparencia Titular y Domicilio Formatos de Solicitud Informe Anual Informaci\u00f3n reservada Comit\u00e9 Actas de comit\u00e9 de transparencia Funciones Integraci\u00f3n Calendario de sesiones Solicitud de informaci\u00f3n en l\u00ednea Avisos de privacidad X Funciones de la Unidad de Transparencia de la Universidad Tecnol\u00f3gica de laRiviera &hellip; <\/p>\n<p class=\"link-more\"><a href=\"https:\/\/uttulum.edu.mx\/index.php\/funciones\/\" class=\"more-link\">Seguir leyendo<span class=\"screen-reader-text\"> \u00abFunciones\u00bb<\/span><\/a><\/p>\n","protected":false},"author":11,"featured_media":0,"parent":0,"menu_order":0,"comment_status":"closed","ping_status":"closed","template":"elementor_header_footer","meta":{"_eb_attr":"","footnotes":""},"campus":[],"class_list":["post-187","page","type-page","status-publish","hentry","entry"],"_links":{"self":[{"href":"https:\/\/uttulum.edu.mx\/index.php\/wp-json\/wp\/v2\/pages\/187","targetHints":{"allow":["GET"]}}],"collection":[{"href":"https:\/\/uttulum.edu.mx\/index.php\/wp-json\/wp\/v2\/pages"}],"about":[{"href":"https:\/\/uttulum.edu.mx\/index.php\/wp-json\/wp\/v2\/types\/page"}],"author":[{"embeddable":true,"href":"https:\/\/uttulum.edu.mx\/index.php\/wp-json\/wp\/v2\/users\/11"}],"replies":[{"embeddable":true,"href":"https:\/\/uttulum.edu.mx\/index.php\/wp-json\/wp\/v2\/comments?post=187"}],"version-history":[{"count":9,"href":"https:\/\/uttulum.edu.mx\/index.php\/wp-json\/wp\/v2\/pages\/187\/revisions"}],"predecessor-version":[{"id":12422,"href":"https:\/\/uttulum.edu.mx\/index.php\/wp-json\/wp\/v2\/pages\/187\/revisions\/12422"}],"wp:attachment":[{"href":"https:\/\/uttulum.edu.mx\/index.php\/wp-json\/wp\/v2\/media?parent=187"}],"wp:term":[{"taxonomy":"campus","embeddable":true,"href":"https:\/\/uttulum.edu.mx\/index.php\/wp-json\/wp\/v2\/campus?post=187"}],"curies":[{"name":"wp","href":"https:\/\/api.w.org\/{rel}","templated":true}]}}