{"id":287,"date":"2021-01-15T07:41:35","date_gmt":"2021-01-15T12:41:35","guid":{"rendered":"https:\/\/ozelot.tech\/inscripcionesutrm\/?page_id=287"},"modified":"2021-05-25T20:39:49","modified_gmt":"2021-05-25T20:39:49","slug":"aviso-privacidad-tulum","status":"publish","type":"page","link":"https:\/\/uttulum.edu.mx\/index.php\/aviso-privacidad-tulum\/","title":{"rendered":"Aviso Privacidad UTRM"},"content":{"rendered":"\t\t<div data-elementor-type=\"wp-page\" data-elementor-id=\"287\" class=\"elementor elementor-287\" data-elementor-post-type=\"page\">\n\t\t\t\t\t\t<section class=\"elementor-section elementor-top-section elementor-element elementor-element-120defbe elementor-section-boxed elementor-section-height-default elementor-section-height-default\" data-id=\"120defbe\" data-element_type=\"section\" data-settings=\"{&quot;background_background&quot;:&quot;slideshow&quot;,&quot;background_slideshow_ken_burns&quot;:&quot;yes&quot;,&quot;background_slideshow_gallery&quot;:[{&quot;id&quot;:115,&quot;url&quot;:&quot;https:\\\/\\\/ozelot.tech\\\/inscripcionesutrm\\\/wp-content\\\/uploads\\\/2021\\\/01\\\/slider1@2x-scaled-1.jpg&quot;},{&quot;id&quot;:116,&quot;url&quot;:&quot;https:\\\/\\\/ozelot.tech\\\/inscripcionesutrm\\\/wp-content\\\/uploads\\\/2021\\\/01\\\/slider3@2x.jpg&quot;}],&quot;shape_divider_bottom&quot;:&quot;curve&quot;,&quot;shape_divider_bottom_negative&quot;:&quot;yes&quot;,&quot;background_slideshow_loop&quot;:&quot;yes&quot;,&quot;background_slideshow_slide_duration&quot;:5000,&quot;background_slideshow_slide_transition&quot;:&quot;fade&quot;,&quot;background_slideshow_transition_duration&quot;:500,&quot;background_slideshow_ken_burns_zoom_direction&quot;:&quot;in&quot;}\">\n\t\t\t\t\t\t\t<div class=\"elementor-background-overlay\"><\/div>\n\t\t\t\t\t\t<div class=\"elementor-shape elementor-shape-bottom\" data-negative=\"true\">\n\t\t\t<svg xmlns=\"http:\/\/www.w3.org\/2000\/svg\" viewBox=\"0 0 1000 100\" preserveAspectRatio=\"none\">\n\t<path class=\"elementor-shape-fill\" d=\"M500,97C126.7,96.3,0.8,19.8,0,0v100l1000,0V1C1000,19.4,873.3,97.8,500,97z\"\/>\n<\/svg>\t\t<\/div>\n\t\t\t\t\t<div class=\"elementor-container elementor-column-gap-default\">\n\t\t\t\t\t<div class=\"elementor-column elementor-col-100 elementor-top-column elementor-element elementor-element-18fcfc0c\" data-id=\"18fcfc0c\" data-element_type=\"column\">\n\t\t\t<div class=\"elementor-widget-wrap elementor-element-populated\">\n\t\t\t\t\t\t<div class=\"elementor-element elementor-element-7dc8ca3a de_scroll_animation_no elementor-widget elementor-widget-spacer\" data-id=\"7dc8ca3a\" data-element_type=\"widget\" data-widget_type=\"spacer.default\">\n\t\t\t\t<div class=\"elementor-widget-container\">\n\t\t\t\t\t<div class=\"elementor-spacer\">\n\t\t\t<div class=\"elementor-spacer-inner\"><\/div>\n\t\t<\/div>\n\t\t\t\t<\/div>\n\t\t\t\t<\/div>\n\t\t\t\t\t<\/div>\n\t\t<\/div>\n\t\t\t\t\t<\/div>\n\t\t<\/section>\n\t\t\t\t<section class=\"elementor-section elementor-top-section elementor-element elementor-element-2440cd52 elementor-section-boxed elementor-section-height-default elementor-section-height-default\" data-id=\"2440cd52\" data-element_type=\"section\">\n\t\t\t\t\t\t<div class=\"elementor-container elementor-column-gap-default\">\n\t\t\t\t\t<div class=\"elementor-column elementor-col-100 elementor-top-column elementor-element elementor-element-367b2c99\" data-id=\"367b2c99\" data-element_type=\"column\">\n\t\t\t<div class=\"elementor-widget-wrap elementor-element-populated\">\n\t\t\t\t\t\t<section class=\"elementor-section elementor-inner-section elementor-element elementor-element-2b2a0ea7 elementor-section-boxed elementor-section-height-default elementor-section-height-default\" data-id=\"2b2a0ea7\" data-element_type=\"section\">\n\t\t\t\t\t\t<div class=\"elementor-container elementor-column-gap-default\">\n\t\t\t\t\t<div class=\"elementor-column elementor-col-100 elementor-inner-column elementor-element elementor-element-7934d0b5\" data-id=\"7934d0b5\" data-element_type=\"column\" data-settings=\"{&quot;background_background&quot;:&quot;classic&quot;}\">\n\t\t\t<div class=\"elementor-widget-wrap elementor-element-populated\">\n\t\t\t\t\t\t<div class=\"elementor-element elementor-element-40ef7204 elementor-view-framed elementor-shape-circle de_scroll_animation_no elementor-widget elementor-widget-icon\" data-id=\"40ef7204\" data-element_type=\"widget\" data-widget_type=\"icon.default\">\n\t\t\t\t<div class=\"elementor-widget-container\">\n\t\t\t\t\t<div class=\"elementor-icon-wrapper\">\n\t\t\t<a class=\"elementor-icon\" href=\"#\">\n\t\t\t<svg xmlns=\"http:\/\/www.w3.org\/2000\/svg\" width=\"1398.000000pt\" height=\"709.000000pt\" viewBox=\"0 0 1398.000000 709.000000\" preserveAspectRatio=\"xMidYMid meet\"><g transform=\"translate(0.000000,709.000000) scale(0.100000,-0.100000)\" fill=\"#ffffff\" stroke=\"none\"><path d=\"M3372 4748 c-11 -18 -79 -134 -152 -258 -73 -124 -190 -322 -260 -440 -70 -118 -193 -325 -272 -460 -80 -135 -151 -262 -157 -283 -7 -20 -13 -61 -13 -91 -1 -104 38 -169 135 -222 l52 -29 545 0 545 0 55 26 c97 46 137 92 258 299 27 47 85 145 128 218 43 74 88 150 100 170 11 21 45 78 74 127 29 50 71 122 93 160 22 39 71 122 109 185 l69 115 -303 3 c-166 1 -308 0 -313 -2 -9 -3 -192 -302 -241 -391 -6 -11 -45 -78 -88 -150 -43 -71 -94 -158 -114 -192 l-37 -63 -133 0 c-73 0 -142 5 -153 10 -41 23 -41 24 191 415 45 77 108 183 140 235 31 52 117 196 190 320 73 124 145 246 161 271 16 25 29 49 29 52 0 4 -139 7 -309 7 l-309 0 -20 -32z\"><\/path><path d=\"M4986 4747 c-10 -17 -30 -52 -44 -77 -14 -25 -49 -82 -79 -128 -29 -45 -53 -85 -53 -88 0 -2 -22 -41 -50 -85 -27 -44 -50 -82 -50 -85 0 -2 70 -4 155 -4 85 0 155 -3 155 -8 0 -7 -57 -106 -344 -597 -192 -327 -259 -441 -277 -467 -11 -15 -19 -29 -19 -32 0 -2 -27 -50 -60 -106 -33 -56 -60 -104 -60 -106 0 -3 137 -4 305 -2 l305 3 24 25 c13 14 91 140 172 280 82 140 151 257 154 260 3 3 12 19 21 35 14 26 81 140 309 530 26 44 60 103 77 130 l29 50 326 3 325 2 146 245 c81 134 147 246 147 249 0 3 -359 6 -797 6 l-798 0 -19 -33z\"><\/path><path d=\"M7200 3465 c0 -1308 0 -1315 20 -1315 20 0 20 7 20 1315 0 1308 0 1315 -20 1315 -20 0 -20 -7 -20 -1315z\"><\/path><path d=\"M7807 4773 c-4 -3 -7 -96 -7 -205 l0 -198 50 0 50 0 0 -569 0 -570 -47 -3 -48 -3 -3 -207 -2 -208 482 0 483 1 100 95 c55 52 133 125 173 161 l72 67 0 277 0 276 -55 50 c-30 28 -55 55 -55 60 0 6 25 34 55 62 l55 52 0 273 0 274 -157 148 c-87 82 -162 155 -166 162 -6 9 -115 12 -491 12 -265 0 -486 -3 -489 -7z m826 -443 l37 -33 0 -106 0 -105 -37 -38 -37 -38 -128 0 -128 0 0 178 0 177 128 -1 129 -1 36 -33z m-5 -780 l42 -40 0 -102 0 -102 -37 -38 -37 -38 -128 0 -128 0 0 180 0 180 123 0 122 0 43 -40z\"><\/path><path d=\"M9590 4767 c-87 -24 -158 -84 -202 -167 -32 -63 -33 -205 -1 -265 43 -82 154 -165 221 -165 21 0 22 1 8 16 -9 8 -16 25 -16 37 0 12 -3 32 -6 44 -5 17 -1 22 18 26 l23 4 -22 8 c-21 7 -23 13 -23 81 l0 74 54 0 c30 0 57 4 61 9 3 6 -16 10 -45 9 -28 0 -54 3 -57 6 -6 6 12 124 19 132 2 1 21 4 42 6 39 3 39 3 57 -50 10 -29 18 -56 18 -59 0 -4 4 -9 10 -11 14 -5 14 -3 -4 48 -22 63 -20 87 11 94 31 8 47 -3 76 -55 12 -21 25 -36 29 -33 8 5 -5 28 -53 95 -21 30 -14 71 10 61 29 -10 93 -85 99 -114 3 -15 12 -28 19 -28 20 0 17 11 -17 63 -74 112 -210 168 -329 134z m166 -33 c58 -38 0 -87 -102 -88 -111 0 -154 57 -71 94 49 22 134 19 173 -6z m-240 -48 c4 -16 -3 -40 -20 -72 -14 -27 -26 -55 -26 -62 0 -20 -28 -26 -44 -9 -39 38 -30 69 41 139 34 34 41 35 49 4z m77 -55 c4 -4 2 -40 -4 -78 -13 -78 -15 -79 -85 -53 -22 9 -25 14 -19 38 3 15 15 46 27 70 18 39 23 43 47 37 14 -4 30 -10 34 -14z m-169 -105 c23 -21 26 -31 26 -95 0 -39 -4 -71 -9 -71 -6 0 -21 10 -35 23 -27 23 -39 86 -29 141 6 32 15 32 47 2z m106 -52 l40 -16 0 -73 0 -74 -30 9 c-35 10 -35 10 -55 10 -12 0 -15 16 -15 80 0 46 4 80 10 80 5 0 28 -7 50 -16z m-70 -175 c0 -35 -20 -30 -37 8 -18 39 -16 44 12 31 18 -8 25 -19 25 -39z m109 -14 c5 -6 11 -28 12 -50 3 -35 1 -40 -16 -37 -41 8 -75 33 -80 60 -14 63 -16 59 31 47 24 -6 48 -15 53 -20z\"><\/path><path d=\"M10398 4622 l-177 -157 -1 -275 0 -276 180 -162 180 -162 196 0 197 0 43 -36 44 -35 0 -109 0 -108 -42 -36 -42 -36 -109 0 c-109 0 -110 0 -146 32 -34 30 -36 36 -41 102 l-5 71 -225 0 -225 0 -3 -312 -2 -313 225 0 c193 0 225 2 225 15 0 8 6 15 14 15 7 0 19 -7 26 -15 10 -12 48 -15 226 -15 l214 0 138 122 c76 68 159 142 185 164 l47 42 0 273 -1 274 -62 54 c-34 30 -98 87 -142 127 -44 40 -98 88 -120 108 l-40 36 -200 0 -200 1 -42 38 -43 39 0 98 0 98 42 43 42 43 109 0 108 0 45 -37 44 -37 0 -68 0 -68 230 0 230 0 0 310 0 310 -225 0 c-193 0 -225 -2 -225 -15 0 -8 -6 -15 -14 -15 -7 0 -19 7 -26 15 -10 13 -49 15 -234 15 l-221 -1 -177 -157z\"><\/path><path d=\"M9855 4519 c-61 -20 -138 -87 -167 -143 -25 -49 -38 -179 -18 -191 7 -4 43 25 96 79 83 86 95 93 72 39 -16 -36 -18 -38 -70 -97 l-43 -49 30 7 c79 19 161 94 189 173 19 54 29 136 21 173 -8 35 -28 37 -110 9z\"><\/path><path d=\"M9892 4193 c-47 -47 -47 -50 1 -29 38 16 71 51 62 65 -9 16 -16 12 -63 -36z\"><\/path><path d=\"M9440 3649 l0 -459 -50 0 -50 0 0 -190 0 -190 325 0 325 0 -2 193 -3 192 -52 3 -53 3 0 456 c0 430 -1 455 -17 448 -106 -44 -268 -51 -365 -17 l-58 21 0 -460z\"><\/path><path d=\"M2830 2609 c0 -98 1 -101 29 -130 46 -46 135 -36 160 18 6 13 11 66 11 118 0 88 -1 95 -20 95 -19 0 -20 -7 -20 -98 0 -110 -6 -122 -60 -122 -54 0 -60 12 -60 122 0 91 -1 98 -20 98 -19 0 -20 -7 -20 -101z\"><\/path><path d=\"M3330 2690 c0 -13 7 -20 20 -20 13 0 20 7 20 20 0 13 -7 20 -20 20 -13 0 -20 -7 -20 -20z\"><\/path><path d=\"M3560 2669 l0 -41 -39 7 c-48 8 -74 -5 -91 -44 -17 -42 -5 -95 27 -121 29 -23 53 -26 71 -8 10 10 17 10 32 0 37 -23 40 -16 40 118 0 123 -1 130 -20 130 -17 0 -20 -7 -20 -41z m-12 -71 c16 -16 15 -80 -1 -102 -9 -12 -23 -17 -42 -14 -25 2 -31 9 -39 40 -13 52 4 88 42 88 15 0 33 -5 40 -12z\"><\/path><path d=\"M4000 2665 c0 -33 -4 -45 -14 -45 -8 0 -18 5 -21 10 -12 19 -56 10 -80 -16 -36 -39 -34 -94 4 -136 28 -32 30 -32 66 -19 30 10 39 11 45 1 4 -7 15 -10 24 -7 13 5 16 26 16 132 0 118 -1 125 -20 125 -17 0 -20 -7 -20 -45z m-8 -80 c8 -17 8 -37 2 -63 -8 -31 -14 -38 -39 -40 -36 -5 -55 18 -55 68 0 43 14 60 52 60 21 0 32 -7 40 -25z\"><\/path><path d=\"M4252 2668 l3 -43 87 -3 88 -3 2 -247 3 -247 53 -3 52 -3 0 250 0 251 90 0 90 0 0 45 0 45 -236 0 -235 0 3 -42z\"><\/path><path d=\"M5252 2418 l3 -293 50 0 50 0 3 293 2 292 -55 0 -55 0 2 -292z\"><\/path><path d=\"M3100 2544 c0 -86 2 -95 18 -92 14 3 18 16 20 68 3 73 14 92 51 88 25 -3 26 -6 31 -78 4 -67 7 -75 25 -75 18 0 20 7 20 72 0 62 -3 76 -22 95 -20 20 -27 21 -63 11 -22 -5 -40 -6 -40 -2 0 5 -9 9 -20 9 -19 0 -20 -7 -20 -96z\"><\/path><path d=\"M3330 2545 c0 -88 1 -95 20 -95 19 0 20 7 20 95 0 88 -1 95 -20 95 -19 0 -20 -7 -20 -95z\"><\/path><path d=\"M3676 2621 c-20 -22 -4 -40 19 -21 22 18 70 9 70 -15 0 -14 -10 -21 -39 -27 -76 -16 -99 -67 -44 -98 23 -12 31 -13 48 -2 24 15 50 16 50 2 0 -5 8 -10 18 -10 15 0 16 9 12 81 -4 65 -9 83 -24 95 -29 21 -89 18 -110 -5z m94 -95 c0 -33 -13 -46 -46 -46 -29 0 -34 3 -34 24 0 27 11 34 53 35 17 1 27 -4 27 -13z\"><\/path><path d=\"M7800 2545 c0 -19 5 -35 10 -35 6 0 10 -55 10 -144 l0 -144 44 -36 c36 -29 53 -36 88 -36 37 0 50 6 81 36 l37 36 0 144 c0 121 2 144 15 144 10 0 15 11 15 35 l0 35 -65 0 -65 0 0 -35 c0 -19 5 -35 10 -35 11 0 14 -247 4 -274 -7 -19 -45 -21 -62 -4 -15 15 -17 278 -2 278 6 0 10 16 10 35 l0 35 -65 0 -65 0 0 -35z\"><\/path><path d=\"M8170 2546 c0 -20 5 -36 10 -36 6 0 10 -55 10 -145 0 -90 -4 -145 -10 -145 -5 0 -10 -16 -10 -35 l0 -35 60 0 60 0 0 35 c0 19 -4 35 -10 35 -6 0 -10 27 -10 62 0 77 10 70 54 -43 l32 -84 42 -3 42 -3 0 180 c0 114 4 181 10 181 6 0 10 16 10 35 l0 35 -65 0 -65 0 0 -35 c0 -23 5 -35 14 -35 10 0 14 -13 14 -45 -1 -25 -4 -48 -8 -50 -3 -2 -22 33 -42 78 l-35 82 -51 3 -52 3 0 -35z\"><\/path><path d=\"M8530 2545 c0 -19 5 -35 10 -35 6 0 10 -55 10 -145 0 -90 -4 -145 -10 -145 -5 0 -10 -16 -10 -35 l0 -35 65 0 65 0 0 35 c0 24 -5 35 -15 35 -13 0 -15 23 -15 145 0 122 2 145 15 145 10 0 15 11 15 35 l0 35 -65 0 -65 0 0 -35z\"><\/path><path d=\"M8730 2548 c0 -18 6 -40 13 -49 7 -10 31 -92 52 -183 l40 -166 40 0 40 0 43 180 c24 99 48 180 53 180 5 0 9 16 9 35 l0 35 -61 0 -62 0 7 -57 c7 -63 -10 -163 -29 -163 -19 0 -36 100 -29 163 l7 57 -62 0 -61 0 0 -32z\"><\/path><path d=\"M9090 2545 c0 -24 5 -35 15 -35 13 0 15 -23 15 -145 0 -122 -2 -145 -15 -145 -10 0 -15 -11 -15 -35 l0 -35 135 0 135 0 0 55 0 55 -40 0 c-32 0 -40 -4 -40 -19 0 -15 -8 -19 -40 -19 l-40 -1 0 55 c0 47 2 54 20 54 11 0 20 -4 20 -10 0 -5 18 -10 40 -10 l40 0 0 60 0 60 -40 0 c-29 0 -40 -4 -40 -15 0 -8 -9 -15 -20 -15 -18 0 -20 7 -20 55 l0 55 40 0 c33 0 40 -3 40 -20 0 -17 7 -20 40 -20 l40 0 0 55 0 55 -135 0 -135 0 0 -35z\"><\/path><path d=\"M9430 2545 c0 -24 5 -35 15 -35 13 0 15 -23 15 -145 0 -122 -2 -145 -15 -145 -10 0 -15 -11 -15 -35 l0 -35 65 0 65 0 0 35 c0 19 -4 35 -10 35 -5 0 -10 25 -10 55 0 47 3 55 18 55 23 0 74 -101 54 -108 -6 -2 -12 -19 -12 -38 l0 -34 65 0 65 0 0 35 c0 19 -4 35 -9 35 -4 0 -20 26 -34 57 l-26 58 29 30 c27 27 30 38 30 92 0 59 -1 62 -39 92 -38 30 -42 31 -145 31 l-106 0 0 -35z m191 -45 c22 -12 26 -69 7 -88 -7 -7 -29 -12 -50 -12 l-38 0 0 48 c0 27 2 51 4 53 10 9 58 8 77 -1z\"><\/path><path d=\"M9837 2542 c-33 -33 -37 -44 -37 -88 0 -45 4 -54 38 -87 32 -32 44 -37 83 -37 53 0 69 -13 69 -55 0 -17 -5 -36 -12 -43 -25 -25 -98 -7 -98 23 0 11 -12 15 -40 15 l-40 0 0 -60 0 -59 98 0 97 0 38 36 c33 34 37 42 37 89 0 48 -3 56 -37 88 -32 30 -45 36 -83 36 -55 0 -70 13 -70 57 0 22 6 36 20 43 32 17 74 8 85 -17 8 -18 18 -23 47 -23 l38 0 0 59 0 60 -98 0 -98 0 -37 -37z\"><\/path><path d=\"M10140 2545 c0 -19 5 -35 10 -35 6 0 10 -55 10 -145 0 -90 -4 -145 -10 -145 -5 0 -10 -16 -10 -35 l0 -35 65 0 65 0 0 35 c0 24 -5 35 -15 35 -13 0 -15 23 -15 145 0 122 2 145 15 145 10 0 15 11 15 35 l0 35 -65 0 -65 0 0 -35z\"><\/path><path d=\"M10340 2520 l0 -60 40 0 c36 0 40 3 40 25 0 16 6 25 15 25 13 0 15 -23 15 -145 0 -90 -4 -145 -10 -145 -5 0 -10 -16 -10 -35 l0 -35 60 0 60 0 0 35 c0 19 -4 35 -10 35 -6 0 -10 53 -10 140 0 118 2 140 15 140 8 0 15 -9 15 -20 0 -17 7 -20 45 -20 l45 0 0 60 0 60 -155 0 -155 0 0 -60z\"><\/path><path d=\"M10720 2545 c0 -19 5 -35 10 -35 6 0 10 -55 10 -145 0 -90 -4 -145 -10 -145 -5 0 -10 -16 -10 -35 l0 -35 60 0 60 0 0 35 c0 19 -4 35 -10 35 -6 0 -10 55 -10 145 0 90 4 145 10 145 6 0 10 16 10 35 l0 35 -60 0 -60 0 0 -35z\"><\/path><path d=\"M10910 2545 c0 -24 5 -35 15 -35 13 0 15 -23 15 -145 0 -122 -2 -145 -15 -145 -10 0 -15 -11 -15 -35 l0 -35 135 0 135 0 0 55 0 55 -40 0 c-33 0 -40 -3 -40 -20 0 -17 -7 -20 -40 -20 l-40 0 0 55 c0 48 2 55 20 55 11 0 20 -4 20 -10 0 -5 18 -10 40 -10 l40 0 0 60 0 60 -40 0 c-29 0 -40 -4 -40 -15 0 -8 -9 -15 -20 -15 -18 0 -20 7 -20 55 l0 55 40 0 c33 0 40 -3 40 -20 0 -17 7 -20 40 -20 l40 0 0 55 0 55 -135 0 -135 0 0 -35z\"><\/path><path d=\"M11287 2542 c-33 -33 -37 -42 -37 -88 0 -46 3 -54 40 -87 32 -31 46 -37 83 -37 51 0 67 -13 67 -55 0 -38 -16 -55 -51 -55 -27 0 -59 22 -59 41 0 5 -18 9 -40 9 l-40 0 0 -59 0 -59 98 0 97 -1 38 37 c34 33 37 40 37 93 0 55 -2 59 -39 88 -31 24 -49 31 -85 31 -35 0 -48 5 -56 19 -26 50 -1 94 52 89 23 -2 36 -10 43 -25 8 -18 18 -23 47 -23 l38 0 0 59 0 60 -97 0 -98 0 -38 -37z\"><\/path><path d=\"M6175 2548 c-16 -6 -39 -19 -51 -29 -28 -26 -44 -24 -44 6 0 23 -4 25 -45 25 l-45 0 0 -215 0 -215 50 0 50 0 0 139 c0 76 5 152 10 168 12 33 45 53 89 53 50 0 56 -18 59 -197 l4 -163 49 0 49 0 0 135 c0 185 21 231 103 223 49 -5 57 -31 57 -205 l0 -153 50 0 50 0 0 165 c0 201 -7 226 -75 256 -56 25 -104 18 -150 -22 -37 -33 -50 -36 -59 -14 -6 17 -81 55 -106 54 -8 0 -28 -5 -45 -11z\"><\/path><path d=\"M4742 2378 c3 -190 10 -213 69 -244 54 -28 143 -13 178 30 22 26 41 19 41 -14 0 -29 2 -30 45 -30 l45 0 0 215 0 215 -49 0 -50 0 -3 -155 c-3 -141 -5 -156 -24 -176 -30 -29 -93 -36 -122 -13 -22 18 -23 28 -29 182 l-6 162 -49 0 -50 0 4 -172z\"><\/path><path d=\"M5482 2383 c2 -137 6 -174 21 -200 35 -66 129 -83 202 -38 51 31 65 31 65 -1 0 -24 2 -25 48 -22 l47 3 0 210 0 210 -52 3 -52 3 -3 -155 c-3 -177 -10 -193 -85 -203 -33 -4 -45 -1 -62 16 -20 20 -21 31 -21 181 l0 160 -56 0 -56 0 4 -167z\"><\/path><path d=\"M3092 2365 c-6 -14 -8 -25 -4 -25 5 0 19 11 32 25 22 24 23 25 3 25 -11 0 -25 -10 -31 -25z\"><\/path><path d=\"M2143 2267 c-24 -61 -46 -120 -49 -129 -5 -13 -1 -18 14 -18 14 0 24 10 32 35 11 35 12 35 69 35 56 0 58 -1 74 -35 11 -22 24 -35 36 -35 17 0 14 13 -32 130 -47 118 -54 130 -77 130 -23 0 -29 -11 -67 -113z m95 4 c16 -52 17 -51 -28 -51 -45 0 -44 -1 -28 51 7 25 17 39 28 39 11 0 21 -14 28 -39z\"><\/path><path d=\"M2920 2340 l0 -40 -43 6 c-39 6 -46 3 -65 -21 -32 -41 -30 -104 4 -139 30 -29 41 -31 79 -14 21 9 28 9 35 -2 4 -7 15 -10 24 -7 13 5 16 26 16 132 l0 125 -25 0 c-22 0 -25 -4 -25 -40z m-2 -113 c3 -54 -9 -77 -42 -77 -32 0 -46 19 -46 61 0 60 8 70 49 67 35 -3 36 -4 39 -51z\"><\/path><path d=\"M3570 2365 c0 -8 9 -15 20 -15 11 0 20 7 20 15 0 8 -9 15 -20 15 -11 0 -20 -7 -20 -15z\"><\/path><path d=\"M2396 2279 c-37 -43 -35 -91 4 -131 27 -26 36 -30 68 -25 21 4 45 16 55 29 18 21 18 22 0 29 -12 4 -23 0 -31 -12 -17 -25 -58 -24 -72 0 -14 27 -13 84 2 99 15 15 53 15 78 0 27 -17 37 -2 15 22 -29 32 -87 27 -119 -11z\"><\/path><path d=\"M2605 2294 c-12 -13 -14 -19 -4 -28 8 -8 13 -8 16 2 3 6 20 12 40 12 30 0 34 -3 31 -22 -2 -16 -12 -24 -33 -28 -72 -15 -97 -57 -57 -93 21 -19 57 -22 67 -7 3 6 15 10 26 10 10 0 19 -4 19 -10 0 -5 7 -10 16 -10 26 0 16 156 -11 176 -26 19 -90 18 -110 -2z m95 -97 c0 -31 -18 -47 -53 -47 -25 0 -28 3 -25 27 2 19 10 29 28 34 43 12 50 10 50 -14z\"><\/path><path d=\"M3043 2286 c-23 -20 -28 -32 -28 -71 0 -39 5 -51 28 -71 32 -28 73 -31 105 -8 27 19 28 34 2 34 -11 0 -20 -4 -20 -10 0 -19 -59 -11 -70 9 -19 36 -12 41 55 41 72 0 78 7 50 59 -24 48 -77 55 -122 17z m95 -33 c3 -21 -1 -23 -37 -23 -33 0 -41 4 -41 18 0 27 10 33 45 30 22 -2 31 -9 33 -25z\"><\/path><path d=\"M3232 2218 c3 -79 6 -93 21 -96 15 -3 17 5 17 60 0 74 15 102 51 96 23 -3 24 -7 27 -80 3 -70 5 -78 22 -78 18 0 20 7 20 64 0 83 6 96 40 96 34 0 40 -13 40 -97 0 -56 2 -64 18 -61 14 3 18 16 20 75 2 62 0 75 -18 93 -23 23 -51 26 -80 8 -15 -10 -24 -9 -44 2 -20 10 -34 11 -61 3 -20 -6 -35 -7 -35 -2 0 5 -9 9 -20 9 -20 0 -21 -5 -18 -92z\"><\/path><path d=\"M3570 2214 c0 -86 2 -95 18 -92 14 3 17 17 20 96 3 87 2 92 -18 92 -19 0 -20 -6 -20 -96z\"><\/path><path d=\"M3695 2288 c-57 -50 -33 -150 38 -163 39 -8 71 6 87 34 8 15 6 20 -10 24 -13 3 -20 0 -20 -9 0 -19 -47 -29 -64 -14 -21 16 -29 62 -17 93 8 21 17 27 40 27 16 0 33 -4 36 -10 3 -5 16 -10 27 -10 21 0 21 0 -2 25 -30 32 -79 33 -115 3z\"><\/path><path d=\"M3896 2291 c-20 -22 -4 -40 19 -21 20 16 69 9 73 -12 2 -12 -8 -20 -40 -28 -78 -21 -101 -64 -52 -96 22 -15 30 -16 62 -4 26 9 37 10 40 1 2 -6 10 -11 18 -11 11 0 14 17 14 78 0 64 -4 82 -18 95 -26 24 -94 22 -116 -2z m94 -95 c0 -32 -13 -46 -41 -46 -31 0 -45 19 -35 45 7 20 76 21 76 1z\"><\/path><\/g><\/svg>\t\t\t<\/a>\n\t\t<\/div>\n\t\t\t\t<\/div>\n\t\t\t\t<\/div>\n\t\t\t\t<div class=\"elementor-element elementor-element-259d8834 de_scroll_animation_no elementor-widget elementor-widget-heading\" data-id=\"259d8834\" data-element_type=\"widget\" data-widget_type=\"heading.default\">\n\t\t\t\t<div class=\"elementor-widget-container\">\n\t\t\t<h3 class=\"elementor-heading-title elementor-size-default\">AVISO DE PRIVACIDAD UNIDAD ACAD\u00c9MICA UT TULUM<\/h3>\t\t<\/div>\n\t\t\t\t<\/div>\n\t\t\t\t\t<\/div>\n\t\t<\/div>\n\t\t\t\t\t<\/div>\n\t\t<\/section>\n\t\t\t\t\t<\/div>\n\t\t<\/div>\n\t\t\t\t\t<\/div>\n\t\t<\/section>\n\t\t\t\t<section class=\"elementor-section elementor-top-section elementor-element elementor-element-46db9275 elementor-section-boxed elementor-section-height-default elementor-section-height-default\" data-id=\"46db9275\" data-element_type=\"section\">\n\t\t\t\t\t\t<div class=\"elementor-container elementor-column-gap-default\">\n\t\t\t\t\t<div class=\"elementor-column elementor-col-100 elementor-top-column elementor-element elementor-element-682f92a8\" data-id=\"682f92a8\" data-element_type=\"column\">\n\t\t\t<div class=\"elementor-widget-wrap elementor-element-populated\">\n\t\t\t\t\t\t<div class=\"elementor-element elementor-element-52298efc de_scroll_animation_no elementor-widget elementor-widget-text-editor\" data-id=\"52298efc\" data-element_type=\"widget\" data-widget_type=\"text-editor.default\">\n\t\t\t\t<div class=\"elementor-widget-container\">\n\t\t\t\t\t\t\t<p>La UT Tulum, informa que es la responsable del tratamiento de los Datos Personales que nos proporcione, los cuales ser\u00e1n protegidos de conformidad a lo dispuesto por la Ley General de Protecci\u00f3n de Datos Personales en Posesi\u00f3n de los Sujetos Obligados, la Ley de Protecci\u00f3n de Datos Personales en Posesi\u00f3n de Sujetos Obligados para el Estado de Quintana Roo y dem\u00e1s normatividad que resulte aplicable.<\/p>\t\t\t\t\t\t<\/div>\n\t\t\t\t<\/div>\n\t\t\t\t\t<\/div>\n\t\t<\/div>\n\t\t\t\t\t<\/div>\n\t\t<\/section>\n\t\t\t\t<section class=\"elementor-section elementor-top-section elementor-element elementor-element-f3b4196 elementor-section-boxed elementor-section-height-default elementor-section-height-default\" data-id=\"f3b4196\" data-element_type=\"section\">\n\t\t\t\t\t\t<div class=\"elementor-container elementor-column-gap-default\">\n\t\t\t\t\t<div class=\"elementor-column elementor-col-100 elementor-top-column elementor-element elementor-element-cda8127\" data-id=\"cda8127\" data-element_type=\"column\">\n\t\t\t<div class=\"elementor-widget-wrap elementor-element-populated\">\n\t\t\t\t\t\t<div class=\"elementor-element elementor-element-6eed08a de_scroll_animation_no elementor-widget elementor-widget-spacer\" data-id=\"6eed08a\" data-element_type=\"widget\" data-widget_type=\"spacer.default\">\n\t\t\t\t<div class=\"elementor-widget-container\">\n\t\t\t\t\t<div class=\"elementor-spacer\">\n\t\t\t<div class=\"elementor-spacer-inner\"><\/div>\n\t\t<\/div>\n\t\t\t\t<\/div>\n\t\t\t\t<\/div>\n\t\t\t\t\t<\/div>\n\t\t<\/div>\n\t\t\t\t\t<\/div>\n\t\t<\/section>\n\t\t\t\t<\/div>\n\t\t","protected":false},"excerpt":{"rendered":"<p>AVISO DE PRIVACIDAD UNIDAD ACAD\u00c9MICA UT TULUM La UT Tulum, informa que es la responsable del tratamiento de los Datos Personales que nos proporcione, los cuales ser\u00e1n protegidos de conformidad a lo dispuesto por la Ley General de Protecci\u00f3n de Datos Personales en Posesi\u00f3n de los Sujetos Obligados, la Ley de Protecci\u00f3n de Datos Personales &hellip; <\/p>\n<p class=\"link-more\"><a href=\"https:\/\/uttulum.edu.mx\/index.php\/aviso-privacidad-tulum\/\" class=\"more-link\">Seguir leyendo<span class=\"screen-reader-text\"> \u00abAviso Privacidad UTRM\u00bb<\/span><\/a><\/p>\n","protected":false},"author":11,"featured_media":0,"parent":0,"menu_order":0,"comment_status":"closed","ping_status":"closed","template":"elementor_header_footer","meta":{"_eb_attr":"","footnotes":""},"campus":[],"class_list":["post-287","page","type-page","status-publish","hentry","entry"],"_links":{"self":[{"href":"https:\/\/uttulum.edu.mx\/index.php\/wp-json\/wp\/v2\/pages\/287","targetHints":{"allow":["GET"]}}],"collection":[{"href":"https:\/\/uttulum.edu.mx\/index.php\/wp-json\/wp\/v2\/pages"}],"about":[{"href":"https:\/\/uttulum.edu.mx\/index.php\/wp-json\/wp\/v2\/types\/page"}],"author":[{"embeddable":true,"href":"https:\/\/uttulum.edu.mx\/index.php\/wp-json\/wp\/v2\/users\/11"}],"replies":[{"embeddable":true,"href":"https:\/\/uttulum.edu.mx\/index.php\/wp-json\/wp\/v2\/comments?post=287"}],"version-history":[{"count":16,"href":"https:\/\/uttulum.edu.mx\/index.php\/wp-json\/wp\/v2\/pages\/287\/revisions"}],"predecessor-version":[{"id":13721,"href":"https:\/\/uttulum.edu.mx\/index.php\/wp-json\/wp\/v2\/pages\/287\/revisions\/13721"}],"wp:attachment":[{"href":"https:\/\/uttulum.edu.mx\/index.php\/wp-json\/wp\/v2\/media?parent=287"}],"wp:term":[{"taxonomy":"campus","embeddable":true,"href":"https:\/\/uttulum.edu.mx\/index.php\/wp-json\/wp\/v2\/campus?post=287"}],"curies":[{"name":"wp","href":"https:\/\/api.w.org\/{rel}","templated":true}]}}