{"id":4978,"date":"2021-01-06T19:04:39","date_gmt":"2021-01-06T19:04:39","guid":{"rendered":"https:\/\/uttulum.edu.mx\/?page_id=4978"},"modified":"2025-08-11T12:02:45","modified_gmt":"2025-08-11T17:02:45","slug":"licenciaturas-e-ingenierias-bis","status":"publish","type":"page","link":"https:\/\/uttulum.edu.mx\/index.php\/licenciaturas-e-ingenierias-bis\/","title":{"rendered":"Licenciaturas e Ingenier\u00edas BIS"},"content":{"rendered":"\t\t<div data-elementor-type=\"wp-page\" data-elementor-id=\"4978\" class=\"elementor elementor-4978\" data-elementor-post-type=\"page\">\n\t\t\t\t\t\t<section class=\"elementor-section elementor-top-section elementor-element elementor-element-55e84aa1 elementor-section-content-middle elementor-section-boxed elementor-section-height-default elementor-section-height-default\" data-id=\"55e84aa1\" data-element_type=\"section\" data-settings=\"{&quot;background_background&quot;:&quot;classic&quot;}\">\n\t\t\t\t\t\t\t<div class=\"elementor-background-overlay\"><\/div>\n\t\t\t\t\t\t\t<div class=\"elementor-container elementor-column-gap-default\">\n\t\t\t\t\t<div class=\"elementor-column elementor-col-50 elementor-top-column elementor-element elementor-element-1a3a1e36\" data-id=\"1a3a1e36\" data-element_type=\"column\" data-settings=\"{&quot;background_background&quot;:&quot;classic&quot;}\">\n\t\t\t<div class=\"elementor-widget-wrap elementor-element-populated\">\n\t\t\t\t\t\t<div class=\"elementor-element elementor-element-422781bb de_scroll_animation_no elementor-widget elementor-widget-heading\" data-id=\"422781bb\" data-element_type=\"widget\" data-widget_type=\"heading.default\">\n\t\t\t\t<div class=\"elementor-widget-container\">\n\t\t\t<h3 class=\"elementor-heading-title elementor-size-default\">Licenciaturas e Ingenier\u00edas BIS<\/h3>\t\t<\/div>\n\t\t\t\t<\/div>\n\t\t\t\t<div class=\"elementor-element elementor-element-73a34b87 de_scroll_animation_no elementor-widget elementor-widget-text-editor\" data-id=\"73a34b87\" data-element_type=\"widget\" data-widget_type=\"text-editor.default\">\n\t\t\t\t<div class=\"elementor-widget-container\">\n\t\t\t\t\t\t\t<h3 style=\"font-family: Arial, sans-serif; font-weight: 400; line-height: 30px; color: rgb(255, 255, 255); font-size: 24px; text-align: center;\">El alumno cursar\u00e1 en modalidad Biling\u00fce los Cuatrimestres del 7 al 11<\/h3>\t\t\t\t\t\t<\/div>\n\t\t\t\t<\/div>\n\t\t\t\t\t<\/div>\n\t\t<\/div>\n\t\t\t\t<div class=\"elementor-column elementor-col-50 elementor-top-column elementor-element elementor-element-692a8798\" data-id=\"692a8798\" data-element_type=\"column\" data-settings=\"{&quot;background_background&quot;:&quot;classic&quot;}\">\n\t\t\t<div class=\"elementor-widget-wrap elementor-element-populated\">\n\t\t\t\t\t\t<div class=\"elementor-element elementor-element-51db7d4e de_scroll_animation_no elementor-widget elementor-widget-image\" data-id=\"51db7d4e\" data-element_type=\"widget\" data-widget_type=\"image.default\">\n\t\t\t\t<div class=\"elementor-widget-container\">\n\t\t\t\t\t\t\t\t\t\t\t\t\t<img decoding=\"async\" src=\"https:\/\/uttulum.edu.mx\/wp-content\/uploads\/elementor\/thumbs\/young-student-preparing-for-exams-outdoors-p90hqdxh3ff5py2r4sgs8io94lcifj239jestoq4ys.jpg\" title=\"Young student preparing for exams outdoors\" alt=\"Young student preparing for exams outdoors\" loading=\"lazy\" \/>\t\t\t\t\t\t\t\t\t\t\t\t\t<\/div>\n\t\t\t\t<\/div>\n\t\t\t\t\t<\/div>\n\t\t<\/div>\n\t\t\t\t\t<\/div>\n\t\t<\/section>\n\t\t\t\t<section class=\"elementor-section elementor-top-section elementor-element elementor-element-6cea6c57 elementor-section-boxed elementor-section-height-default elementor-section-height-default\" data-id=\"6cea6c57\" data-element_type=\"section\" data-settings=\"{&quot;background_background&quot;:&quot;classic&quot;}\">\n\t\t\t\t\t\t\t<div class=\"elementor-background-overlay\"><\/div>\n\t\t\t\t\t\t\t<div class=\"elementor-container elementor-column-gap-default\">\n\t\t\t\t\t<div class=\"elementor-column elementor-col-50 elementor-top-column elementor-element elementor-element-25af52f5\" data-id=\"25af52f5\" data-element_type=\"column\">\n\t\t\t<div class=\"elementor-widget-wrap elementor-element-populated\">\n\t\t\t\t\t\t<div class=\"elementor-element elementor-element-446d9cd2 de_scroll_animation_no elementor-widget elementor-widget-image\" data-id=\"446d9cd2\" data-element_type=\"widget\" data-widget_type=\"image.default\">\n\t\t\t\t<div class=\"elementor-widget-container\">\n\t\t\t\t\t\t\t\t\t\t\t\t\t<img decoding=\"async\" src=\"https:\/\/uttulum.edu.mx\/wp-content\/uploads\/elementor\/thumbs\/Logo-UTRM-p90hqdxf9n8a4awfrzp1nk2pf1ndxjg1egbwseebaw.png\" title=\"Logo-UTRM\" alt=\"Logo-UTRM\" loading=\"lazy\" \/>\t\t\t\t\t\t\t\t\t\t\t\t\t<\/div>\n\t\t\t\t<\/div>\n\t\t\t\t\t<\/div>\n\t\t<\/div>\n\t\t\t\t<div class=\"elementor-column elementor-col-50 elementor-top-column elementor-element elementor-element-5da0ed0f elementor-hidden-phone\" data-id=\"5da0ed0f\" data-element_type=\"column\">\n\t\t\t<div class=\"elementor-widget-wrap\">\n\t\t\t\t\t\t\t<\/div>\n\t\t<\/div>\n\t\t\t\t\t<\/div>\n\t\t<\/section>\n\t\t\t\t<section class=\"elementor-section elementor-top-section elementor-element elementor-element-294019ef elementor-section-boxed elementor-section-height-default elementor-section-height-default\" data-id=\"294019ef\" data-element_type=\"section\" data-settings=\"{&quot;background_background&quot;:&quot;classic&quot;}\">\n\t\t\t\t\t\t\t<div class=\"elementor-background-overlay\"><\/div>\n\t\t\t\t\t\t\t<div class=\"elementor-container elementor-column-gap-default\">\n\t\t\t\t\t<div class=\"elementor-column elementor-col-100 elementor-top-column elementor-element elementor-element-1e920b15\" data-id=\"1e920b15\" data-element_type=\"column\">\n\t\t\t<div class=\"elementor-widget-wrap elementor-element-populated\">\n\t\t\t\t\t\t<section class=\"elementor-section elementor-inner-section elementor-element elementor-element-36c99905 elementor-section-boxed elementor-section-height-default elementor-section-height-default\" data-id=\"36c99905\" data-element_type=\"section\">\n\t\t\t\t\t\t<div class=\"elementor-container elementor-column-gap-default\">\n\t\t\t\t\t<div class=\"elementor-column elementor-col-50 elementor-inner-column elementor-element elementor-element-77e54d6d\" data-id=\"77e54d6d\" data-element_type=\"column\">\n\t\t\t<div class=\"elementor-widget-wrap elementor-element-populated\">\n\t\t\t\t\t\t<div class=\"elementor-element elementor-element-4c000fd0 ekit-equal-height-disable de_scroll_animation_no elementor-widget elementor-widget-elementskit-image-box\" data-id=\"4c000fd0\" data-element_type=\"widget\" data-widget_type=\"elementskit-image-box.default\">\n\t\t\t\t<div class=\"elementor-widget-container\">\n\t\t\t<div class=\"ekit-wid-con\" >\n            <div class=\"elementskit-info-image-box ekit-image-box text-center style-modern\" >\n\n                \n                <div class=\"elementskit-box-header image-box-img-center\">\n\n                    <img fetchpriority=\"high\" decoding=\"async\" width=\"2560\" height=\"1979\" src=\"https:\/\/uttulum.edu.mx\/wp-content\/uploads\/2025\/08\/conta-scaled.jpg\" class=\"attachment-full size-full wp-image-16793\" alt=\"\" sizes=\"(max-width: 34.9rem) calc(100vw - 2rem), (max-width: 53rem) calc(8 * (100vw \/ 12)), (min-width: 53rem) calc(6 * (100vw \/ 12)), 100vw\" \/>\n                <\/div>\n                \n                <div class=\"elementskit-box-body ekit-image-box-body\">\n                    <div class=\"elementskit-box-content ekit-image-box-body-inner\">\n                                                <h4 class=\"elementskit-info-box-title\">\n\n                        Licenciatura en Contadur\u00eda \n                        \n                    <\/h4>\n                                                            <div class=\"elementskit-box-style-content\">\n                        \n                    <\/div>\n                                    <\/div>\n\n                                <div class=\"elementskit-box-footer\">\n                    <div class=\"box-footer\">\n                        <div class=\"btn-wraper\">\n                                                            <a href=\"https:\/\/uttulum.edu.mx\/index.php\/licenciatura-en-contaduria\/\" class=\"elementskit-btn whitespace--normal\">\n                                    Conoce m\u00e1s \n                                    <i aria-hidden=\"true\" class=\"icon icon-right-arrow1\"><\/i>\n                                <\/a>\n                                                        <\/div>\n                    <\/div>\n                <\/div>\n                            <\/div>\n            <\/div>\n    <\/div>\t\t<\/div>\n\t\t\t\t<\/div>\n\t\t\t\t\t<\/div>\n\t\t<\/div>\n\t\t\t\t<div class=\"elementor-column elementor-col-50 elementor-inner-column elementor-element elementor-element-27fbaa6f\" data-id=\"27fbaa6f\" data-element_type=\"column\">\n\t\t\t<div class=\"elementor-widget-wrap elementor-element-populated\">\n\t\t\t\t\t\t<div class=\"elementor-element elementor-element-3714be32 elementor-widget__width-initial ekit-equal-height-disable de_scroll_animation_no elementor-widget elementor-widget-elementskit-image-box\" data-id=\"3714be32\" data-element_type=\"widget\" data-widget_type=\"elementskit-image-box.default\">\n\t\t\t\t<div class=\"elementor-widget-container\">\n\t\t\t<div class=\"ekit-wid-con\" >\n            <div class=\"elementskit-info-image-box ekit-image-box text-center style-modern\" >\n\n                \n                <div class=\"elementskit-box-header image-box-img-center\">\n\n                    <img decoding=\"async\" width=\"2560\" height=\"1706\" src=\"https:\/\/uttulum.edu.mx\/wp-content\/uploads\/2025\/08\/servicios-profesionales-de-mujer-joven-pero-creativa-scaled.jpg\" class=\"attachment-full size-full wp-image-16797\" alt=\"\" srcset=\"https:\/\/uttulum.edu.mx\/wp-content\/uploads\/2025\/08\/servicios-profesionales-de-mujer-joven-pero-creativa-scaled.jpg 2560w, https:\/\/uttulum.edu.mx\/wp-content\/uploads\/2025\/08\/servicios-profesionales-de-mujer-joven-pero-creativa-300x200.jpg 300w, https:\/\/uttulum.edu.mx\/wp-content\/uploads\/2025\/08\/servicios-profesionales-de-mujer-joven-pero-creativa-1024x683.jpg 1024w, https:\/\/uttulum.edu.mx\/wp-content\/uploads\/2025\/08\/servicios-profesionales-de-mujer-joven-pero-creativa-768x512.jpg 768w, https:\/\/uttulum.edu.mx\/wp-content\/uploads\/2025\/08\/servicios-profesionales-de-mujer-joven-pero-creativa-1536x1024.jpg 1536w, https:\/\/uttulum.edu.mx\/wp-content\/uploads\/2025\/08\/servicios-profesionales-de-mujer-joven-pero-creativa-2048x1365.jpg 2048w, https:\/\/uttulum.edu.mx\/wp-content\/uploads\/2025\/08\/servicios-profesionales-de-mujer-joven-pero-creativa-1568x1045.jpg 1568w, https:\/\/uttulum.edu.mx\/wp-content\/uploads\/2025\/08\/servicios-profesionales-de-mujer-joven-pero-creativa-750x500.jpg 750w, https:\/\/uttulum.edu.mx\/wp-content\/uploads\/2025\/08\/servicios-profesionales-de-mujer-joven-pero-creativa-1140x760.jpg 1140w\" sizes=\"(max-width: 34.9rem) calc(100vw - 2rem), (max-width: 53rem) calc(8 * (100vw \/ 12)), (min-width: 53rem) calc(6 * (100vw \/ 12)), 100vw\" \/>\n                <\/div>\n                \n                <div class=\"elementskit-box-body ekit-image-box-body\">\n                    <div class=\"elementskit-box-content ekit-image-box-body-inner\">\n                                                <h3 class=\"elementskit-info-box-title\">\n\n                        Licenciatura en Arquitectura\n                        \n                    <\/h3>\n                                                        <\/div>\n\n                                <div class=\"elementskit-box-footer\">\n                    <div class=\"box-footer\">\n                        <div class=\"btn-wraper\">\n                                                            <a href=\"https:\/\/uttulum.edu.mx\/index.php\/licenciatura-en-arquitectura\" class=\"elementskit-btn whitespace--normal\">\n                                    Conoce m\u00e1s \n                                    <i aria-hidden=\"true\" class=\"icon icon-right-arrow1\"><\/i>\n                                <\/a>\n                                                        <\/div>\n                    <\/div>\n                <\/div>\n                            <\/div>\n            <\/div>\n    <\/div>\t\t<\/div>\n\t\t\t\t<\/div>\n\t\t\t\t\t<\/div>\n\t\t<\/div>\n\t\t\t\t\t<\/div>\n\t\t<\/section>\n\t\t\t\t\t<\/div>\n\t\t<\/div>\n\t\t\t\t\t<\/div>\n\t\t<\/section>\n\t\t\t\t<section class=\"elementor-section elementor-top-section elementor-element elementor-element-bb59a35 elementor-section-boxed elementor-section-height-default elementor-section-height-default\" data-id=\"bb59a35\" data-element_type=\"section\" data-settings=\"{&quot;background_background&quot;:&quot;classic&quot;}\">\n\t\t\t\t\t\t\t<div class=\"elementor-background-overlay\"><\/div>\n\t\t\t\t\t\t\t<div class=\"elementor-container elementor-column-gap-default\">\n\t\t\t\t\t<div class=\"elementor-column elementor-col-100 elementor-top-column elementor-element elementor-element-e2acfa8\" data-id=\"e2acfa8\" data-element_type=\"column\">\n\t\t\t<div class=\"elementor-widget-wrap elementor-element-populated\">\n\t\t\t\t\t\t<section class=\"elementor-section elementor-inner-section elementor-element elementor-element-582cca0 elementor-section-boxed elementor-section-height-default elementor-section-height-default\" data-id=\"582cca0\" data-element_type=\"section\">\n\t\t\t\t\t\t<div class=\"elementor-container elementor-column-gap-default\">\n\t\t\t\t\t<div class=\"elementor-column elementor-col-50 elementor-inner-column elementor-element elementor-element-effa44a\" data-id=\"effa44a\" data-element_type=\"column\">\n\t\t\t<div class=\"elementor-widget-wrap elementor-element-populated\">\n\t\t\t\t\t\t<div class=\"elementor-element elementor-element-4b0ad5f ekit-equal-height-disable de_scroll_animation_no elementor-widget elementor-widget-elementskit-image-box\" data-id=\"4b0ad5f\" data-element_type=\"widget\" data-widget_type=\"elementskit-image-box.default\">\n\t\t\t\t<div class=\"elementor-widget-container\">\n\t\t\t<div class=\"ekit-wid-con\" >\n            <div class=\"elementskit-info-image-box ekit-image-box text-center style-modern\" >\n\n                \n                <div class=\"elementskit-box-header image-box-img-center\">\n\n                    <img decoding=\"async\" width=\"2000\" height=\"1333\" src=\"https:\/\/uttulum.edu.mx\/wp-content\/uploads\/2021\/01\/maid-working-at-the-hotel.jpg\" class=\"attachment-full size-full wp-image-7599\" alt=\"Maid working at the hotel\" srcset=\"https:\/\/uttulum.edu.mx\/wp-content\/uploads\/2021\/01\/maid-working-at-the-hotel.jpg 2000w, https:\/\/uttulum.edu.mx\/wp-content\/uploads\/2021\/01\/maid-working-at-the-hotel-300x200.jpg 300w, https:\/\/uttulum.edu.mx\/wp-content\/uploads\/2021\/01\/maid-working-at-the-hotel-1024x682.jpg 1024w, https:\/\/uttulum.edu.mx\/wp-content\/uploads\/2021\/01\/maid-working-at-the-hotel-768x512.jpg 768w, https:\/\/uttulum.edu.mx\/wp-content\/uploads\/2021\/01\/maid-working-at-the-hotel-1536x1024.jpg 1536w, https:\/\/uttulum.edu.mx\/wp-content\/uploads\/2021\/01\/maid-working-at-the-hotel-1568x1045.jpg 1568w, https:\/\/uttulum.edu.mx\/wp-content\/uploads\/2021\/01\/maid-working-at-the-hotel-450x300.jpg 450w, https:\/\/uttulum.edu.mx\/wp-content\/uploads\/2021\/01\/maid-working-at-the-hotel-750x500.jpg 750w, https:\/\/uttulum.edu.mx\/wp-content\/uploads\/2021\/01\/maid-working-at-the-hotel-1140x760.jpg 1140w\" sizes=\"(max-width: 34.9rem) calc(100vw - 2rem), (max-width: 53rem) calc(8 * (100vw \/ 12)), (min-width: 53rem) calc(6 * (100vw \/ 12)), 100vw\" \/>\n                <\/div>\n                \n                <div class=\"elementskit-box-body ekit-image-box-body\">\n                    <div class=\"elementskit-box-content ekit-image-box-body-inner\">\n                                                <h4 class=\"elementskit-info-box-title\">\n\n                        Licenciatura en Gesti\u00f3n y Desarrollo Tur\u00edstico\n                        \n                    <\/h4>\n                                                            <div class=\"elementskit-box-style-content\">\n                        \n                    <\/div>\n                                    <\/div>\n\n                                <div class=\"elementskit-box-footer\">\n                    <div class=\"box-footer\">\n                        <div class=\"btn-wraper\">\n                                                            <a href=\"https:\/\/uttulum.edu.mx\/index.php\/licenciatura-en-gestion-de-desarrollo-turistico\/\" class=\"elementskit-btn whitespace--normal\">\n                                    Conoce m\u00e1s \n                                    <i aria-hidden=\"true\" class=\"icon icon-right-arrow1\"><\/i>\n                                <\/a>\n                                                        <\/div>\n                    <\/div>\n                <\/div>\n                            <\/div>\n            <\/div>\n    <\/div>\t\t<\/div>\n\t\t\t\t<\/div>\n\t\t\t\t\t<\/div>\n\t\t<\/div>\n\t\t\t\t<div class=\"elementor-column elementor-col-50 elementor-inner-column elementor-element elementor-element-a5b9be0\" data-id=\"a5b9be0\" data-element_type=\"column\">\n\t\t\t<div class=\"elementor-widget-wrap elementor-element-populated\">\n\t\t\t\t\t\t<div class=\"elementor-element elementor-element-efae340 ekit-equal-height-disable de_scroll_animation_no elementor-widget elementor-widget-elementskit-image-box\" data-id=\"efae340\" data-element_type=\"widget\" data-widget_type=\"elementskit-image-box.default\">\n\t\t\t\t<div class=\"elementor-widget-container\">\n\t\t\t<div class=\"ekit-wid-con\" >\n            <div class=\"elementskit-info-image-box ekit-image-box text-center style-modern\" >\n\n                \n                <div class=\"elementskit-box-header image-box-img-center\">\n\n                    <img loading=\"lazy\" decoding=\"async\" width=\"2000\" height=\"1333\" src=\"https:\/\/uttulum.edu.mx\/wp-content\/uploads\/2021\/01\/man-in-uniform-of-chef.jpg\" class=\"attachment-full size-full wp-image-7598\" alt=\"Man in uniform of chef\" srcset=\"https:\/\/uttulum.edu.mx\/wp-content\/uploads\/2021\/01\/man-in-uniform-of-chef.jpg 2000w, https:\/\/uttulum.edu.mx\/wp-content\/uploads\/2021\/01\/man-in-uniform-of-chef-300x200.jpg 300w, https:\/\/uttulum.edu.mx\/wp-content\/uploads\/2021\/01\/man-in-uniform-of-chef-1024x682.jpg 1024w, https:\/\/uttulum.edu.mx\/wp-content\/uploads\/2021\/01\/man-in-uniform-of-chef-768x512.jpg 768w, https:\/\/uttulum.edu.mx\/wp-content\/uploads\/2021\/01\/man-in-uniform-of-chef-1536x1024.jpg 1536w, https:\/\/uttulum.edu.mx\/wp-content\/uploads\/2021\/01\/man-in-uniform-of-chef-1568x1045.jpg 1568w, https:\/\/uttulum.edu.mx\/wp-content\/uploads\/2021\/01\/man-in-uniform-of-chef-450x300.jpg 450w, https:\/\/uttulum.edu.mx\/wp-content\/uploads\/2021\/01\/man-in-uniform-of-chef-750x500.jpg 750w, https:\/\/uttulum.edu.mx\/wp-content\/uploads\/2021\/01\/man-in-uniform-of-chef-1140x760.jpg 1140w\" sizes=\"(max-width: 34.9rem) calc(100vw - 2rem), (max-width: 53rem) calc(8 * (100vw \/ 12)), (min-width: 53rem) calc(6 * (100vw \/ 12)), 100vw\" \/>\n                <\/div>\n                \n                <div class=\"elementskit-box-body ekit-image-box-body\">\n                    <div class=\"elementskit-box-content ekit-image-box-body-inner\">\n                                                <h3 class=\"elementskit-info-box-title\">\n\n                        Licenciatura en Gastronom\u00eda\n                        \n                    <\/h3>\n                                                        <\/div>\n\n                                <div class=\"elementskit-box-footer\">\n                    <div class=\"box-footer\">\n                        <div class=\"btn-wraper\">\n                                                            <a href=\"https:\/\/uttulum.edu.mx\/index.php\/licenciatura-en-gastronomia-bis\/\" class=\"elementskit-btn whitespace--normal\">\n                                    Conoce m\u00e1s \n                                    <i aria-hidden=\"true\" class=\"icon icon-right-arrow1\"><\/i>\n                                <\/a>\n                                                        <\/div>\n                    <\/div>\n                <\/div>\n                            <\/div>\n            <\/div>\n    <\/div>\t\t<\/div>\n\t\t\t\t<\/div>\n\t\t\t\t\t<\/div>\n\t\t<\/div>\n\t\t\t\t\t<\/div>\n\t\t<\/section>\n\t\t\t\t\t<\/div>\n\t\t<\/div>\n\t\t\t\t\t<\/div>\n\t\t<\/section>\n\t\t\t\t<\/div>\n\t\t","protected":false},"excerpt":{"rendered":"<p>Licenciaturas e Ingenier\u00edas BIS El alumno cursar\u00e1 en modalidad Biling\u00fce los Cuatrimestres del 7 al 11 Licenciatura en Contadur\u00eda Conoce m\u00e1s Licenciatura en Arquitectura Conoce m\u00e1s Licenciatura en Gesti\u00f3n y Desarrollo Tur\u00edstico Conoce m\u00e1s Licenciatura en Gastronom\u00eda Conoce m\u00e1s<\/p>\n","protected":false},"author":11,"featured_media":0,"parent":0,"menu_order":0,"comment_status":"closed","ping_status":"closed","template":"elementor_header_footer","meta":{"_eb_attr":"","footnotes":""},"campus":[],"class_list":["post-4978","page","type-page","status-publish","hentry","entry"],"_links":{"self":[{"href":"https:\/\/uttulum.edu.mx\/index.php\/wp-json\/wp\/v2\/pages\/4978","targetHints":{"allow":["GET"]}}],"collection":[{"href":"https:\/\/uttulum.edu.mx\/index.php\/wp-json\/wp\/v2\/pages"}],"about":[{"href":"https:\/\/uttulum.edu.mx\/index.php\/wp-json\/wp\/v2\/types\/page"}],"author":[{"embeddable":true,"href":"https:\/\/uttulum.edu.mx\/index.php\/wp-json\/wp\/v2\/users\/11"}],"replies":[{"embeddable":true,"href":"https:\/\/uttulum.edu.mx\/index.php\/wp-json\/wp\/v2\/comments?post=4978"}],"version-history":[{"count":67,"href":"https:\/\/uttulum.edu.mx\/index.php\/wp-json\/wp\/v2\/pages\/4978\/revisions"}],"predecessor-version":[{"id":16812,"href":"https:\/\/uttulum.edu.mx\/index.php\/wp-json\/wp\/v2\/pages\/4978\/revisions\/16812"}],"wp:attachment":[{"href":"https:\/\/uttulum.edu.mx\/index.php\/wp-json\/wp\/v2\/media?parent=4978"}],"wp:term":[{"taxonomy":"campus","embeddable":true,"href":"https:\/\/uttulum.edu.mx\/index.php\/wp-json\/wp\/v2\/campus?post=4978"}],"curies":[{"name":"wp","href":"https:\/\/api.w.org\/{rel}","templated":true}]}}